
Is 330 a multiple of 4?
False
Is 19 a factor of 10906?
True
Is 12 a factor of 95?
False
Does 3 divide 193?
False
Does 13 divide 37?
False
Is 1635 a multiple of 77?
False
Is 28 a factor of 591?
False
Is 13 a factor of 295?
False
Is 30 a factor of 3738?
False
Does 10 divide 930?
True
Is 4680 a multiple of 104?
True
Is 52 a factor of 4209?
False
Does 30 divide 2010?
True
Is 232 a multiple of 116?
True
Is 742 a multiple of 5?
False
Is 2156 a multiple of 24?
False
Is 242 a factor of 48884?
True
Is 19 a factor of 37031?
True
Is 15 a factor of 1999?
False
Does 26 divide 38956?
False
Is 4 a factor of 157?
False
Is 15 a factor of 15435?
True
Is 426 a multiple of 49?
False
Is 3740 a multiple of 11?
True
Is 38 a factor of 1103?
False
Does 17 divide 14149?
False
Is 13 a factor of 993?
False
Is 180 a multiple of 12?
True
Is 46 a factor of 20976?
True
Is 18634 a multiple of 114?
False
Is 13 a factor of 1209?
True
Does 201 divide 3216?
True
Does 14 divide 11034?
False
Is 50651 a multiple of 18?
False
Is 440 a multiple of 44?
True
Is 12 a factor of 2028?
True
Does 14 divide 38255?
False
Does 9 divide 1026?
True
Is 5 a factor of 34?
False
Is 129 a factor of 67854?
True
Does 13 divide 5713?
False
Does 21 divide 1323?
True
Is 16 a factor of 565?
False
Is 10 a factor of 165?
False
Is 14499 a multiple of 9?
True
Is 8 a factor of 7280?
True
Is 3 a factor of 218?
False
Does 161 divide 15939?
True
Is 65 a factor of 14884?
False
Is 437 a multiple of 15?
False
Does 18 divide 123?
False
Does 90 divide 7920?
True
Does 7 divide 1344?
True
Is 2769 a multiple of 24?
False
Does 25 divide 1700?
True
Does 21 divide 5188?
False
Is 34 a factor of 3536?
True
Is 116 a factor of 764?
False
Does 25 divide 875?
True
Is 4 a factor of 25?
False
Is 1259 a multiple of 78?
False
Is 20 a multiple of 7?
False
Is 198 a multiple of 33?
True
Is 7173 a multiple of 19?
False
Is 27 a factor of 1060?
False
Does 2 divide 2045?
False
Is 15 a factor of 10311?
False
Is 39 a factor of 5185?
False
Is 31 a factor of 341?
True
Is 3 a factor of 582?
True
Is 196 a factor of 9062?
False
Is 35 a factor of 4480?
True
Does 17 divide 2025?
False
Is 15340 a multiple of 236?
True
Is 6734 a multiple of 74?
True
Does 25 divide 8037?
False
Is 277 a multiple of 4?
False
Does 31 divide 73997?
True
Is 74106 a multiple of 179?
True
Is 71195 a multiple of 18?
False
Does 41 divide 3567?
True
Is 2177 a multiple of 101?
False
Does 14 divide 1873?
False
Is 35 a factor of 1841?
False
Is 14 a factor of 17297?
False
Does 70 divide 18760?
True
Is 453 a multiple of 71?
False
Does 40 divide 55067?
False
Is 1775 a multiple of 71?
True
Is 13528 a multiple of 14?
False
Does 6 divide 4944?
True
Is 3780 a multiple of 14?
True
Is 126 a factor of 16393?
False
Is 367 a multiple of 24?
False
Does 12 divide 732?
True
Is 9 a factor of 15443?
False
Is 1053 a multiple of 19?
False
Is 34837 a multiple of 11?
True
Is 30192 a multiple of 24?
True
Is 4795 a multiple of 35?
True
Does 42 divide 14028?
True
Is 62 a factor of 8057?
False
Is 15 a factor of 2928?
False
Is 3729 a multiple of 78?
False
Is 50 a factor of 100?
True
Is 37 a factor of 4107?
True
Is 421 a multiple of 37?
False
Is 35568 a multiple of 57?
True
Does 35 divide 1695?
False
Is 522 a multiple of 20?
False
Is 2015 a multiple of 65?
True
Does 71 divide 1080?
False
Is 20 a factor of 5929?
False
Is 4557 a multiple of 11?
False
Does 17 divide 153?
True
Is 6506 a multiple of 30?
False
Is 30441 a multiple of 139?
True
Is 6 a factor of 3686?
False
Is 9 a factor of 2493?
True
Is 39 a factor of 693?
False
Is 15 a factor of 180?
True
Does 84 divide 2184?
True
Is 55 a factor of 11770?
True
Does 6 divide 646?
False
Is 45 a factor of 702?
False
Does 15 divide 59393?
False
Does 5 divide 5840?
True
Is 197 a multiple of 117?
False
Does 70 divide 910?
True
Is 1311 a multiple of 53?
False
Is 307 a multiple of 15?
False
Is 4554 a multiple of 69?
True
Is 5080 a multiple of 11?
False
Does 279 divide 54083?
False
Is 79 a factor of 1837?
False
Is 2104 a multiple of 33?
False
Is 41755 a multiple of 145?
False
Is 2042 a multiple of 54?
False
Does 25 divide 36349?
False
Does 21 divide 1869?
True
Is 407 a multiple of 11?
True
Is 819 a multiple of 32?
False
Is 8071 a multiple of 319?
False
Is 34 a factor of 2635?
False
Is 11396 a multiple of 94?
False
Is 1493 a multiple of 32?
False
Does 164 divide 3608?
True
Does 100 divide 7490?
False
Is 5151 a multiple of 11?
False
Is 12050 a multiple of 25?
True
Is 82 a factor of 738?
True
Is 39 a factor of 4797?
True
Does 12 divide 600?
True
Is 2743 a multiple of 13?
True
Is 201 a factor of 46958?
False
Is 162 a multiple of 27?
True
Is 48 a factor of 17946?
False
Does 11 divide 3069?
True
Does 185 divide 15349?
False
Is 75 a factor of 4500?
True
Is 27 a factor of 1502?
False
Is 62 a factor of 310?
True
Is 2035 a multiple of 48?
False
Is 59 a multiple of 46?
False
Does 28 divide 6916?
True
Is 361 a factor of 34295?
True
Does 25 divide 402?
False
Does 6 divide 261?
False
Is 95 a multiple of 8?
False
Is 35 a factor of 3675?
True
Is 712 a multiple of 15?
False
Does 27 divide 49647?
False
Does 23 divide 2208?
True
Is 33 a multiple of 3?
True
Does 13 divide 5239?
True
Does 13 divide 3536?
True
Does 24 divide 10224?
True
Is 13 a factor of 4433?
True
Does 28 divide 140?
True
Does 51 divide 14271?
False
Is 36 a factor of 997?
False
Is 12 a factor of 247?
False
Is 1220 a multiple of 14?
False
Is 336 a multiple of 24?
True
Is 70 a factor of 4480?
True
Is 3047 a multiple of 12?
False
Is 5 a factor of 3967?
False
Is 2714 a multiple of 43?
False
Is 246 a multiple of 14?
False
Is 20 a factor of 426?
False
Is 6 a factor of 504?
True
Is 13013 a multiple of 11?
True
Does 56 divide 896?
True
Is 37 a factor of 2383?
False
Is 89040 a multiple of 14?
True
Is 3341 a multiple of 87?
False
Is 84 a factor of 50485?
False
Is 87 a multiple of 14?
False
Is 79 even?
False
Does 5 divide 411?
False
Does 6 divide 232?
False
Is 12 a factor of 139536?
True
Does 10 divide 511?
False
Is 489 a multiple of 10?
False
Is 1344 a multiple of 73?
False
Is 1068 a multiple of 12?
True
Is 651 a multiple of 31?
True
Is 324 a multiple of 27?
True
Is 97 a factor of 17261?
False
Does 169 divide 27040?
True
Is 18 a factor of 342?
True
Is 751 a multiple of 25?
False
Is 7 a factor of 661?
False
Is 23376 a multiple of 12?
True
Is 1386 a multiple of 18?
True
Is 7540 a multiple of 10?
True
Is 354 a multiple of 17?
False
Is 770 a multiple of 22?
True
Is 21762 a multiple of 18?
True
Is 16 a factor of 63?
False
Is 11 a factor of 17925?
False
Does 2 divide 213?
False
Is 62 a factor of 17518?
False
Is 19 a factor of 2628?
False
Is 18117 a multiple of 183?
True
Is 383 a multiple of 5?
False
Is 47 a factor of 8883?
True
Is 13 a factor of 2717?
True
Does 7 divide 539?
True
Is 84 a factor of 43665?
False
Does 5 divide 4120?
True
Is 216 a factor of 25005?
False
Is 158 a factor of 33861?
False
Is 189 a factor of 60470?
False
Does 18 divide 558?
True
Is 15 a factor of 12683?
False
Is 917 a multiple of 7?
True
Is 56 a factor of 13440?
True
Does 118 divide 81294?
False
Does 3 divide 43?
False
Is 84 a multiple of 7?
True
Does 7 divide 903?
True
Is 9471 a multiple of 34?
False
Does 32 divide 369?
False
Does 5 divide 3139?
False
Does 71 divide 8374?
False
Is 19 a factor of 1642?
False
Is 20 a factor of 82700?
True
Is 1095 a multiple of 73?
True
Is 64 a factor of 18624?
True
Is 14 a factor of 11031?
False
Does 5 divide 1451?
False
Is 5817 a multiple of 14?
False
Is 44 a factor of 2156?
True
Does 26 divide 145?
False
Is 329 a multiple of 14?
False
Is 1353 a multiple of 98?
False
Does 9 divide 70633?
False
Is 1293 a multiple of 42?
False
Is 3276 a multiple of 36?
True
Is 851 a multiple of 23?
True
Is 7 a factor of 68280?
False
Does 55 divide 23829?
False
Does 9 divide 19881?
True
Does 33 divide 50589?
True
Does 50 divide 2750?
True
Does 67 divide 1107?
False
Is 1464 a multiple of 24?
True
Is 87801 a multiple of 176?
False
Does 54 divide 656?
False
Does 73 divide 13634?
False
Is 177 a factor of 2655?
True
Does 18 divide 468?
True
Is 123 a factor of 4551?
True
Does 18 divide 14256?
True
Is 28 a factor of 1165?
False
Does 9 divide 25988?
False
Is 13 a factor of 574?
False
Is 34995 a multiple of 10?
False
Does 45 divide 3316?
False
Does 4 divide 17